 -z**2 - 10*z + 11. Calculate c(r).
27
Let o(j) = -j - 2. Let v(f) = -3. Let p(h) = 13. Let q = 3 - -6. Let x(r) = q*v(r) + 2*p(r). Let u(l) = -o(l) + 5*x(l). Determine u(-4).
-7
Let y(o) = o + 4. Suppose 5*p - p - 60 = 0. Suppose 15*b = 20*b - p. Calculate y(b).
7
Let t(g) be the second derivative of g**3/6 - 9*g**2/2 + 104*g. Determine t(-9).
-18
Let r(w) = w - 9. Suppose 0*o = -5*b - 4*o, -2*b = -3*o. Suppose 3*c = -6, 5*c + b*c + 10 = u. What is r(u)?
-9
Let q(c) = -c**3 + c**2 + 6*c + 1. Let f(u) = 3*u**3 + 5*u**2 - 9*u - 5. Let l(a) = -f(a) - 2*q(a). Determine l(-2).
-11
Let a(p) be the first derivative of p**2/2 + 6*p + 4. Suppose 3*w + 12 = -2*o, -5*w - 10 - 14 = 2*o. What is a(w)?
0
Let i = 2 + -6. Let l(y) = y + 1. Let a(p) = -4*p - 10. Let x(s) = -a(s) - 6*l(s). What is x(i)?
12
Suppose -10 = 5*m - n, 9*n + 8 = -3*m + 10*n. Let f(o) be the second derivative of 0*o**4 + o + 0 - 3/10*o**5 + 1/6*o**3 + 1/2*o**2. Determine f(m).
6
Suppose 2*f + 5*g = -f + 17, -5*f - 2*g + 41 = 0. Let c = f + -13. Let j(a) = -a + 3. Determine j(c).
7
Suppose -2494*l = -2487*l - 35. Let h(o) = -6*o + 3. Determine h(l).
-27
Suppose -10 = -v + 2*a, 5*v - a = -2*a - 5. Let m = -49 + 74. Let j(o) = o**2 - 24*o + 3 + m*o - 4. Give j(v).
-1
Suppose 0 = -2*c + 1 - 3. Let z = 17 + -15. Let g(a) = 6*a**3 + 116 + 2*a + z*a**2 - 60 - 55. What is g(c)?
-5
Let u(c) = -9*c + 1. Let f(t) = t - 1. Let h = 1 - 5. Let z(b) = h*f(b) - u(b). Let d = -1257 + 1255. Calculate z(d).
-7
Let c(b) be the second derivative of -b**4/12 - 2*b**3/3 + b**2 + 2*b. Suppose -t - 14 = 2*z, 30 = -2*z - 12*t + 7*t. Determine c(z).
-3
Let b(r) be the second derivative of -r**5/120 - r**4/12 - 19*r**3/6 - 12*r. Let g(q) be the second derivative of b(q). Calculate g(-2).
0
Let x(n) = -n**3 - 4*n**2 - 2*n + 4. Let w(s) = -s**3 + 5*s**2 + 3*s - 9. Let d be w(5). Suppose -t - t - d = 0. Calculate x(t).
1
Let x be (12/20)/(27/30). Let s(g) be the third derivative of -2*g**2 + 0*g + 1/24*g**4 + 1/120*g**6 + 0 - x*g**3 + 1/20*g**5. What is s(-3)?
-7
Let x(c) be the second derivative of -c**5/20 - 5*c**4/12 + 5*c**3/6 - 3*c**2 - 560*c. What is x(-6)?
0
Let m(j) = -4*j**2 + 2*j + 1. Let l be m(-1). Let y(i) be the second derivative of 1/3*i**4 + 1/20*i**5 - 3*i**2 + 2*i + 0 - 5/6*i**3. What is y(l)?
-6
Let k = -1200 + 1206. Let m(a) be the first derivative of -3/2*a**2 - 6 - k*a. Determine m(-6).
12
Suppose 5*w = -2*q - 6 - 1, 0 = -2*w - 5*q - 7. Let g be 1*(-3 + 0 + w). Let y(b) = -5*b - 5. Determine y(g).
15
Let t(p) = p + 4. Let r be t(-4). Let i be (4/(-1))/(-2) - r. Let y(w) = -7*w**2 + w + 1 + 18*w**2 + w**3 - 9*w**i. Determine y(-2).
-1
Let j(w) be the third derivative of w**7/840 - w**6/180 - w**5/60 + w**4/8 - 2*w**3 - 10*w**2. Let b(s) be the first derivative of j(s). Calculate b(2).
-1
Let q(f) be the second derivative of f**3/6 - 5*f**2 + 3*f. Let a be (5 + (-44)/8)*-16. Determine q(a).
-2
Let z(s) = -s**2 + 6*s + 1. Let m = -11 + 56. Let h = m + -39. Determine z(h).
1
Suppose -17*k = 49 + 36. Let q(b) = -b**2 - 6*b + 4. Determine q(k).
9
Let c(k) = 9 - 2*k + k - 6 - 4. Calculate c(-6).
5
Let h(j) = -j**3 - 5. Let w be -2 - -4*5/2. Let d(q) = 3*q**3 + q**2 - q + 15. Let u(k) = w*h(k) + 3*d(k). Calculate u(-4).
1
Let k be (-5)/(-2) + 2/(-4). Let w(m) = -4 - 2 + 5 + 41831*m**2 - 41830*m**2. Give w(k).
3
Suppose -l = -2*u + 2 + 4, -u = -2*l. Suppose 3*c - 10 = -3*p - c, -l*p + c = -3. Let w(q) = -5*q**2 + 5*q**p + 2*q**2. Calculate w(1).
2
Let m be (-9)/2*8/(-3). Suppose -8*o + 6*o = m. Let v(l) be the first derivative of l**4/4 + 5*l**3/3 - 2*l**2 + 3. Calculate v(o).
-12
Let a(w) be the first derivative of -w**4 - w**3/3 + w + 713. Determine a(2).
-35
Let n = 0 + -2. Let u(x) = -336*x - 333*x + 667*x + x**3. What is u(n)?
-4
Let d(h) be the second derivative of 20*h - 7/2*h**2 - 4/3*h**3 + 0 - 1/12*h**4. Determine d(-5).
8
Let d(k) = 16*k**2 - 27*k - 8. Let g(i) = 2*i**2 - 3*i - 1. Let j(q) = 2*d(q) - 18*g(q). Calculate j(-2).
-14
Let o be ((-6)/(-2))/(-1 - -2). Let i(g) = -o*g**2 + 7*g**2 - g + g**2 + 4*g**2. Let d be ((-1)/5)/((-4)/20 + 0). Determine i(d).
8
Let j(z) = -4*z + 3. Let t(m) = -3 + 33*m - 27*m - 1. Let f(h) = 7*j(h) + 5*t(h). Suppose 5*i - 20 = -0*i. Give f(i).
9
Let z(p) = p**2 - p + 3. Let k be 6 + 0 - (1 + 0). Let m(g) be the first derivative of -g**3/3 + g**2 - 3*g + 8. Let y(r) = k*m(r) + 6*z(r). Give y(-3).
0
Let x(z) = z**2 - 2*z - 3. Suppose 3*j - 5*j + 3*h = -12, 0 = -5*j - h + 13. Let o be x(j). Let i(m) = m**3 - m**2 - 10. What is i(o)?
-10
Let q(h) = 3*h - 21. Let d(k) = 3*k - 20. Let r(s) = 4*d(s) - 5*q(s). Let n be r(8). Let i(w) = 7*w**2 + w - 1. Give i(n).
7
Let o(f) = f**3 + 5*f**2 - 6*f - 32. Let a be o(-4). Let r(d) = d - 5. Determine r(a).
3
Let l(g) = 11*g + 69. Let m be l(-7). Let s(p) = p**2 + 4*p - 9. Calculate s(m).
23
Let b(o) be the first derivative of o**2 - 17*o - 10. What is b(16)?
15
Let z(v) be the first derivative of v**4/4 - 5*v**3/3 - 3*v**2/2 - 5*v + 48. Give z(6).
13
Let l(x) be the first derivative of x**4/4 + 7*x**3/3 + 2*x**2 + x - 162. Determine l(-5).
31
Let h = 604 - 602. Let n(g) = -g**3 - g**2 + 2*g. Give n(h).
-8
Let u be (190/70 + -3)/((-1)/(-7)). Let w(h) = -h + 5. What is w(u)?
7
Let b(u) = 13*u + 7. Let j(i) = 21*i + 10. Let t(a) = 8*b(a) - 5*j(a). Give t(6).
0
Let l(z) = z**3 - z**2 - 5*z + 2. Suppose -3*j - 4*m + 9 = 0, -4*m - 18 - 8 = -2*j. Let u = j + -4. Give l(u).
5
Let c(g) = -84*g + 7 + 85*g - 2. Let j(h) = -h**2 + 4*h - 3. Let p be j(4). Let k = p - -8. Determine c(k).
10
Suppose 18 = 2*z - 2*h, 5*z + 3*h - 9 = 4. Let x be (4/2 + -2)/(z - 3). Let d(n) be the first derivative of n**3/3 - n**2/2 - 11*n - 1. What is d(x)?
-11
Let w(f) = f + 3. Suppose 5*m + 81 - 11 = 0. Let a = 17 + m. What is w(a)?
6
Let d(l) = l - 15*l**3 + 27*l**3 + 15 - 16 + l**2 + 20*l**3. Calculate d(1).
33
Let d(k) = -3*k - 16. Suppose 35 = -3*u - 4*g, 0*g + 2*g = -u - 15. Determine d(u).
-1
Let q(o) = -2*o**2 + o. Let w(a) = 62*a**2 + a + 1. Let j be w(-1). Let b = j + -39. Suppose 5*i = -2*r - b, 0*i + 2*i = -10. Determine q(r).
-1
Let v(q) be the first derivative of -q**4/12 + 7*q**3/6 + q**2/2 + 1. Let t(j) be the second derivative of v(j). What is t(7)?
-7
Let x(n) = n - 2. Let h(s) = -2*s**2 + 50*s + 59. Let b be h(26). Give x(b).
5
Let b(u) = u**3 - 46*u**2 - 8*u + 363. Let n be b(46). Let f(l) = -l**3 - 6*l**2 - 6*l - 3. Calculate f(n).
2
Let y(v) = v**2 + 5*v - 3. Let r be y(-7). Let h(p) = r + 0 - 1 + p - 6. What is h(-4)?
0
Let p(c) = -c**2 + 7*c + 3. Let g be p(6). Let u(i) = g - 12*i - 4 + 11*i - 15. Let f = -5 + 0. Calculate u(f).
-5
Let i(c) be the third derivative of 0 + 5/24*c**4 + 6*c**2 - 1/60*c**5 + 0*c + c**3. Let l = -26 + 31. Calculate i(l).
6
Suppose 4*p = p + 3*d + 9, 0 = 5*p + 5*d + 15. Suppose -w + 5*w = p. Suppose 0 = -q - w*q. Let f(a) = -a - 1. Determine f(q).
-1
Let i(q) = q - 2. Let v(b) = -1 - 8 - b + 9 + 2. Let n(a) = 5*i(a) + 6*v(a). Determine n(4).
-2
Let o(i) = -2*i**3 - 12*i**2 - 22*i + 74. Let h(q) = -3*q**3 - 10*q**2 - 22*q + 80. Let a(b) = 3*h(b) - 4*o(b). Calculate a(19).
1
Let t(v) = 117*v + v**2 - 232*v + 116*v. Let y be 2/2 + 0 + -4. Calculate t(y).
6
Let a(j) be the third derivative of j**4/24 + j**3/3 + 10*j**2. Suppose 0 = 74*q - 69*q - 15. Give a(q).
5
Let w = -554 + 544. Let y(i) = -i - 12. Give y(w).
-2
Let g(h) = 42*h**3 + 24*h**2 + 17*h + 24. Let v(u) = 21*u**3 + 13*u**2 + 9*u + 13. Let n(p) = -6*g(p) + 11*v(p). What is n(-1)?
22
Let o = -32 + 39. Suppose 0 = 5*h + 3*w - 9 + 29, -2*w - o = -3*h. Let b(k) = 3*k - 1. Give b(h).
-4
Let o = -7 - -11. Let l be (o/(-6))/(2/3). Let q(t) = 8*t**2 - t - 1. Let c(v) = -v**2 - v. Let r(f) = -c(f) + q(f). Calculate r(l).
8
Let p(o) be the second derivative of 5*o**3/6 + 5*o**2/2 - 93*o - 1. Give p(-4).
-15
Let v(b) be the first derivative of b**2/2 - b - 2. Let f be (1/(-2))/((-6)/24). Suppose 0 = f*a - 4 - 0. Calculate v(a).
1
Let k(q) = -14*q**3 + 20*q**2 + 9*q + 4. Let o(v) = -5*v**3 + 7*v**2 + 3*v + 1. Let w(c) = 4*k(c) - 11*o(c). Suppose -27*h + 0*h = -108. Calculate w(h).
1
Let y(x) = 347 + 2*x + x - 357. Calculate y(5).
5
Let u(o) = -2*o + 6. Suppose -3*l + 3*c = 9, -99 = -3*l - 4*c - 73. Give u(l).
2
Let b(l) = 0 + 7*l - 8*l - 3. Let r be b(-4). 